(4). Let x be (-2)/(z*2/(-4)). What is the greatest common factor of x and 4?
1
Let k be -8*8*(1 - 2). Suppose -70*n - 32 = -72*n. Calculate the greatest common factor of k and n.
16
Let v(z) = -z**2 - 10*z + 17. Let l be v(-9). What is the greatest common factor of 91 and l?
13
Let d be ((-4)/12)/(2/(-60)). Let n be 3/(-30) - (-101)/10. What is the greatest common factor of d and n?
10
Let i(t) = -10*t - 417. Let h be i(-44). Calculate the greatest common factor of h and 2024.
23
Suppose -24*v - 46*v - 58*v = -1280. Suppose 0 = j + 39 - 119. Calculate the greatest common divisor of j and v.
10
Let m(j) = 4 - 5*j + 2 + 3*j. Suppose 0 = -3*q - 2*l - 3*l + 15, l = q + 3. Let k be m(q). What is the greatest common divisor of 4 and k?
2
Let d be (-122)/(-6) - (-6)/(-18). What is the greatest common divisor of d and 80?
20
Let u = 110 - 77. Calculate the highest common factor of u and 22.
11
Let h be (8 + 3)*1 + 1 + 0. Suppose 0 = -0*f - f + h. Calculate the greatest common divisor of 4 and f.
4
Let p = 1093 - 695. Suppose -3*u = 4*v - p, -v + 482 = 4*v - 4*u. What is the highest common divisor of 14 and v?
14
Let l be (-38)/(-12) - (-3)/(-18). Suppose l = 5*w - 2*i, -3*w - 3*i = -2*w + 13. Let u = w + 8. What is the greatest common factor of 7 and u?
7
Let p(j) = j**3 - 7*j**2 - 47*j + 288. Let k be p(9). Let q(l) = 6*l**2 + 2*l - 5. Let v be q(-5). Calculate the greatest common divisor of v and k.
27
Let v be 536/(-20)*40/(-64)*4. What is the greatest common divisor of 536 and v?
67
Suppose -9*z + 74 = -493. Suppose 2*j + 10 = 5*t, 2*t + 6 = 5*t + 3*j. Let q be 10 - (2 - t) - 1. What is the highest common divisor of q and z?
9
Let q be 33 + -1 + (1 - 3). Let j be (12*(-4)/6)/(-2). Suppose -4*f + j = 0, -4*f + 3*f = 4*a - 481. What is the greatest common divisor of q and a?
30
Suppose 0 = 4*t - 12, 42 = n + 5*t - 3. Suppose 9 + n = 3*c - 3*a, -2*a = -3*c + 39. Calculate the highest common factor of 104 and c.
13
Suppose p + p - 16 = 0. Suppose 2 = o - p. Let s = 71 - 51. Calculate the greatest common factor of o and s.
10
Suppose 4*f - c = 14 + 3, -4*f + 5*c + 21 = 0. Suppose f*j + 10 = -j. Let u be 66/9 - j/(-6). Calculate the highest common factor of u and 77.
7
Let n(d) = -d**3 - 2*d + 21. Let i be n(0). Let x be 42/12*132/i. Calculate the highest common divisor of 88 and x.
22
Suppose 2*t = 6, w + 0*t = 2*t + 16. Suppose -653 = -4*r - 4*g - 213, -4*r + 4*g + 440 = 0. Calculate the greatest common factor of r and w.
22
Let d = -249 + 342. What is the highest common factor of 31 and d?
31
Suppose -45 = 4*t - t. Let s = t - -99. Suppose 0*r + 5*r = 105. Calculate the greatest common divisor of s and r.
21
Suppose 0 = 4*y + 1 - 13. Let r be y + 29 + 0 + -2. What is the greatest common factor of r and 10?
10
Let t be (-532)/(-18) + (-88)/(-198). Calculate the greatest common divisor of t and 66.
6
Suppose -6*d + 69 = 39. What is the greatest common factor of 205 and d?
5
Let y(q) = -q**3 - 3*q**2 + q + 36. Let l be y(0). Suppose 0 = 4*s - 7*r + 2*r - 1271, 2*s + r = 653. What is the highest common divisor of s and l?
36
Let f be 13 + (-4 + 3)*2. Let p be 2*f*140/40. What is the highest common divisor of 11 and p?
11
Let f(v) = v**2 + 13*v - 11. Let y be f(-14). Let z be (1 - (-12)/(-12)) + (1 - -2). Calculate the highest common divisor of y and z.
3
Let l = 278 - -347. Calculate the greatest common divisor of 25 and l.
25
Let l = 601 + -545. Calculate the greatest common divisor of l and 40.
8
Let p = -30 - -51. Let s(z) = z**3 - 20*z**2 - 233*z + 255. Let a be s(28). Calculate the highest common divisor of a and p.
3
Let l(b) be the second derivative of 2*b + 3/4*b**4 + 0 + 1/20*b**5 - 2/3*b**3 + 0*b**2. Let i be l(-9). What is the greatest common divisor of i and 12?
12
Let q = 50 - 42. Suppose -4*y + s + 285 + 480 = 0, 4*y - 3*s = 759. Suppose -26*a + 29*a = y. What is the greatest common divisor of q and a?
8
Let g be 3/6 - 285/(-6). Let c = -120 - -126. Calculate the greatest common divisor of g and c.
6
Let f = 28 - 38. Let q(z) = -6*z - 11. Let d be q(f). What is the highest common divisor of 7 and d?
7
Let v(a) = 2*a + 8. Let q be v(-9). Let m(d) = d**2 + 6*d - 16. Let c be m(q). What is the highest common factor of c and 24?
24
Let t(w) = -4*w - 79. Let s be t(-28). Suppose 0 = 4*v - 8, f - 9 + 1 = -v. Let y(n) = 3*n + 4. Let x be y(f). Calculate the highest common divisor of s and x.
11
Let a = -18 - -409. Calculate the highest common factor of 23 and a.
23
Suppose -128*c = -113*c - 8085. Calculate the highest common factor of 44 and c.
11
Suppose -5*o + 38 = -6*x + 2*x, o - 16 = 5*x. What is the highest common divisor of o and 486?
6
Suppose 6 = 2*f - 16. Let g = f - 3. What is the highest common divisor of 8 and g?
8
Suppose 0 = 11*f + 5 - 104. Calculate the highest common divisor of f and 9.
9
Let s = -20 + 38. Let i = 49 - s. What is the highest common divisor of 93 and i?
31
Let b(p) = -2*p - 34. Let u be b(-43). Calculate the highest common divisor of 832 and u.
52
Suppose -14*s = -1493 - 1587. Calculate the greatest common divisor of 55 and s.
55
Suppose -5 = -4*l - 5*m, m + 13 + 15 = 5*l. Suppose r + 16 = s - 2, l*r + 58 = 3*s. What is the highest common divisor of 96 and s?
16
Let f(t) = -t**3 - 18*t**2 - 18. Let m be f(-19). Calculate the highest common divisor of m and 14.
7
Suppose -4*k = k - 10. Suppose -k*a - 4*s = -112, -2*s = 5*a - 7*s - 250. Let q = a - 4. Calculate the greatest common factor of 6 and q.
6
Suppose -23*v + 1365 = -18*v. What is the greatest common factor of 117 and v?
39
Let s = 474 - 133. Let j(o) = 3*o**2 - 5*o - 11. Let r be j(9). Let g = s - r. Calculate the highest common divisor of 14 and g.
14
Let o = -2 - 0. Let m be ((-9)/o)/(15/20). Let n be 324/15 + m/(-10). Calculate the highest common divisor of n and 168.
21
Suppose 0 = -8*m + 361 - 97. Calculate the greatest common factor of m and 1122.
33
Suppose 5*h + 41 = 166. Suppose -7*j + h = -395. Calculate the highest common factor of j and 20.
20
Suppose -4*a = 96 - 336. Let b = 13 - 18. Let k = b + a. Calculate the greatest common divisor of k and 5.
5
Let p = 377 - 97. Let v be 18/(-81) + 634/18. What is the highest common divisor of p and v?
35
Let g = -62 - -74. Let r be 376/g - 4/(-6). What is the highest common factor of 288 and r?
32
Let l(i) = 5*i**2 + 55. Let s be l(-5). Calculate the highest common divisor of 45 and s.
45
Let a(s) = -6*s + 73. Let q be a(10). What is the greatest common factor of q and 325?
13
Let s(h) = -8*h - 44. Let v be s(-7). Let u(m) = -m + 1. Let i be u(-2). What is the greatest common divisor of v and i?
3
Suppose a + 29*a - 71820 = 0. What is the highest common factor of a and 252?
126
Let w(k) = -11*k - 10. Let h be w(-5). Suppose 5*d = 5*z - z - 39, d - h = -4*z. Calculate the highest common factor of z and 22.
11
Let m(y) = y**3 - 2*y**2 - 8*y + 19. Let a be m(3). Let v be 33/2 + 1/(-2). Calculate the highest common divisor of v and a.
4
Let i be (-1)/1 + 1 - -4. Let h = -102 + 102. Suppose -i*l + 225 = 3*c, l + h*c = -c + 57. Calculate the greatest common divisor of l and 27.
27
Let d be (-2 + -2 - 2)*2360/(-24). Calculate the greatest common divisor of 10 and d.
10
Let q be 2 + -4 - -1 - -13. Suppose 0 = -5*k - z - 0 - 8, 5*k + 2 = -4*z. Let s be (-1)/k + (-44)/(-8). What is the greatest common factor of s and q?
6
Suppose 2*u + 3*g = 766, 4*g - 790 + 20 = -2*u. Calculate the highest common divisor of 52 and u.
13
Let n(k) = -11*k. Let a be n(4). Suppose -4*w - 71 - 25 = 0. Let r = w - a. Calculate the highest common factor of r and 5.
5
Suppose -i - 4 = 0, 9 = -2*h + 3*h + i. What is the greatest common factor of h and 351?
13
Suppose -l - 14 - 4 = 3*x, -4*l = x + 17. Let u = 10 + x. Suppose -2*b + u*b - 60 = 0. Calculate the highest common factor of b and 180.
20
Let p be 1 + 1 - (-17 + 2). Let q be 60 - ((-135)/15 + 1). Calculate the highest common divisor of q and p.
17
Let y(f) = -f**2 + 16*f - 7. Let p be y(13). What is the highest common divisor of p and 2?
2
Suppose 3*d + 255 = 3*y, -2*y = 2*y + 3*d - 340. What is the greatest common divisor of 1955 and y?
85
Let n be 17508/14 - (7 + (-360)/56). Calculate the highest common divisor of n and 50.
50
Let p be ((-30)/(-20))/(2 + 11/(-6)). What is the